ime factors of 127587?
3, 71, 599
What are the prime factors of 14441?
7, 2063
What are the prime factors of 7935990?
2, 3, 5, 113, 2341
List the prime factors of 3467498.
2, 71, 24419
What are the prime factors of 196780?
2, 5, 9839
What are the prime factors of 3893494?
2, 11, 176977
What are the prime factors of 30460632?
2, 3, 1269193
What are the prime factors of 559417?
19, 29443
List the prime factors of 820110.
2, 3, 5, 27337
What are the prime factors of 767634?
2, 3, 7, 373
What are the prime factors of 3224474?
2, 11, 97, 1511
List the prime factors of 68851.
31, 2221
List the prime factors of 18484.
2, 4621
What are the prime factors of 1032066?
2, 3, 7, 8191
What are the prime factors of 41202?
2, 3, 7, 109
What are the prime factors of 61448?
2, 7681
What are the prime factors of 307208?
2, 11, 3491
List the prime factors of 918303.
3, 37, 8273
What are the prime factors of 1057031?
379, 2789
List the prime factors of 302900.
2, 5, 13, 233
What are the prime factors of 369394?
2, 191, 967
What are the prime factors of 156194?
2, 29, 2693
What are the prime factors of 856631?
29, 109, 271
What are the prime factors of 9965576?
2, 19, 65563
List the prime factors of 700561.
700561
What are the prime factors of 1551333?
3, 7, 31, 2383
List the prime factors of 21289.
61, 349
List the prime factors of 556640.
2, 5, 7, 71
List the prime factors of 4913484.
2, 3, 71, 73, 79
List the prime factors of 15571483.
23, 677021
List the prime factors of 382460.
2, 5, 13, 1471
What are the prime factors of 118502?
2, 193, 307
What are the prime factors of 2743997?
73, 37589
What are the prime factors of 3443530?
2, 5, 344353
What are the prime factors of 12703792?
2, 191, 4157
What are the prime factors of 17020034?
2, 8510017
List the prime factors of 28212827.
199, 141773
List the prime factors of 28117163.
83, 338761
List the prime factors of 3356922.
2, 3, 17, 32911
What are the prime factors of 1407221?
37, 73, 521
What are the prime factors of 870897?
3, 61, 4759
What are the prime factors of 1278762?
2, 3, 67, 3181
List the prime factors of 1284073.
7, 183439
What are the prime factors of 9011125?
5, 72089
What are the prime factors of 3924842?
2, 839, 2339
List the prime factors of 347875.
5, 11, 23
What are the prime factors of 1079478?
2, 3, 59971
What are the prime factors of 1006321?
593, 1697
List the prime factors of 694981.
7, 101, 983
List the prime factors of 5809539.
3, 587, 3299
What are the prime factors of 11229391?
379, 29629
List the prime factors of 3863409.
3, 11, 29, 367
List the prime factors of 413458.
2, 61, 3389
What are the prime factors of 31187358?
2, 3, 1732631
What are the prime factors of 8100648?
2, 3, 463
What are the prime factors of 3375212?
2, 97, 8699
What are the prime factors of 7661115?
3, 5, 7, 11, 67
List the prime factors of 1685917.
1685917
What are the prime factors of 8988640?
2, 5, 56179
What are the prime factors of 6591507?
3, 13, 13001
What are the prime factors of 8052348?
2, 3, 671029
What are the prime factors of 18531902?
2, 773, 11987
List the prime factors of 2347865.
5, 13, 41, 881
List the prime factors of 3568097.
13, 43, 491
List the prime factors of 5070710.
2, 5, 507071
List the prime factors of 783480.
2, 3, 5, 6529
List the prime factors of 646948.
2, 197, 821
List the prime factors of 50893.
50893
List the prime factors of 5955992.
2, 7, 106357
List the prime factors of 9849391.
19, 518389
List the prime factors of 236584.
2, 29573
List the prime factors of 4520224.
2, 141257
What are the prime factors of 192508?
2, 17, 19, 149
List the prime factors of 21384379.
21384379
List the prime factors of 373077.
3, 41453
List the prime factors of 5128837.
7, 439, 1669
List the prime factors of 187682.
2, 11, 19, 449
What are the prime factors of 85441?
43, 1987
What are the prime factors of 112952?
2, 7, 2017
List the prime factors of 11125590.
2, 3, 5, 7, 31, 1709
What are the prime factors of 327507?
3, 109169
What are the prime factors of 230813?
11, 20983
What are the prime factors of 480027?
3, 160009
What are the prime factors of 1295451?
3, 17, 8467
List the prime factors of 2541487.
13, 137, 1427
What are the prime factors of 1823381?
7, 260483
List the prime factors of 642120.
2, 3, 5, 5351
What are the prime factors of 1854645?
3, 5, 13, 9511
What are the prime factors of 2584063?
109, 151, 157
What are the prime factors of 971665?
5, 373, 521
List the prime factors of 2040090.
2, 3, 5, 13, 5231
What are the prime factors of 34203245?
5, 6840649
What are the prime factors of 9739887?
3, 43, 75503
What are the prime factors of 1284825?
3, 5, 37, 463
List the prime factors of 296994.
2, 3, 49499
What are the prime factors of 143769?
3, 17, 2819
What are the prime factors of 11250655?
5, 13, 173087
List the prime factors of 18131904.
2, 3, 7, 1499
List the prime factors of 240128.
2, 7, 67
List the prime factors of 14243602.
2, 7121801
List the prime factors of 45392.
2, 2837
What are the prime factors of 694482?
2, 3, 283, 409
What are the prime factors of 312081?
3, 7, 11, 193
What are the prime factors of 800041?
11, 257, 283
What are the prime factors of 61293?
3, 20431
What are the prime factors of 16417907?
11, 109, 13693
What are the prime factors of 8126036?
2, 41, 49549
List the prime factors of 5055940.
2, 5, 43, 5879
List the prime factors of 4250218.
2, 7, 303587
What are the prime factors of 7087539?
3, 193, 12241
List the prime factors of 6313160.
2, 5, 7, 3221
What are the prime factors of 1276654?
2, 638327
What are the prime factors of 1316740?
2, 5, 65837
What are the prime factors of 1649519?
53, 31123
What are the prime factors of 31387463?
43, 729941
What are the prime factors of 22154297?
11, 2014027
List the prime factors of 13095707.
13095707
List the prime factors of 319593.
3, 106531
List the prime factors of 1704767.
61, 27947
List the prime factors of 300075.
3, 5, 4001
What are the prime factors of 2155270?
2, 5, 13, 59, 281
List the prime factors of 2647925.
5, 7, 15131
List the prime factors of 33113241.
3, 7, 525607
What are the prime factors of 22623?
3, 7541
List the prime factors of 1606542.
2, 3, 7, 29, 1319
What are the prime factors of 427416?
2, 3, 11, 1619
What are the prime factors of 325116?
2, 3, 11, 821
List the prime factors of 1267756.
2, 7, 19, 2383
What are the prime factors of 7320731?
11, 29, 53, 433
List the prime factors of 444197.
13, 47, 727
List the prime factors of 2515611.
3, 7, 109, 157
List the prime factors of 415188.
2, 3, 19, 607
List the prime factors of 2616397.
7, 139, 2689
What are the prime factors of 8891?
17, 523
What are the prime factors of 5859513?
3, 11, 109, 181
What are the prime factors of 14016532?
2, 3504133
List the prime factors of 383102.
2, 191551
List the prime factors of 13168823.
823, 16001
List the prime factors of 9001744.
2, 19, 29611
List the prime factors of 10995915.
3, 5, 7, 104723
List the prime factors of 5493021.
3, 23, 79609
List the prime factors of 263050.
2, 5, 5261
List the prime factors of 942819.
3, 29, 10837
What are the prime factors of 3826178?
2, 1913089
List the prime factors of 1515687.
3, 19, 26591
What are the prime factors of 4419890?
2, 5, 29, 15241
What are the prime factors of 4597382?
2, 2298691
What are the prime factors of 1182090?
2, 3, 5, 7, 13, 433
List the prime factors of 5395906.
2, 2697953
List the prime factors of 1132374.
2, 3, 188729
List the prime factors of 86909.
233, 373
List the prime factors of 5048933.
5048933
List the prime factors of 8220768.
2, 3, 19, 4507
List the prime factors of 91413.
3, 7, 1451
What are the prime factors of 36052671?
3, 19, 632503
What are the prime factors of 105472?
2, 103
What are the prime factors of 39366140?
2, 5, 11, 16267
What are the prime factors of 1727918?
2, 863959
What are the prime factors of 17826016?
2, 13, 73, 587
What are the prime factors of 4047966?
2, 3, 13, 17299
List the prime factors of 732622.
2, 11, 33301
List the prime factors of 7535632.
2, 13, 36229
List the prime factors of 16049296.
2, 29, 34589
List the prime factors of 6270395.
5, 1254079
List the prime factors of 276164.
2, 7, 1409
List the prime factors of 542127.
3, 19, 9511
What are the prime factors of 165579?
3, 97, 569
What 